{"id":1987,"date":"2025-03-12T21:23:55","date_gmt":"2025-03-12T20:23:55","guid":{"rendered":"https:\/\/www.madia.fr\/?page_id=1987"},"modified":"2025-03-12T21:23:56","modified_gmt":"2025-03-12T20:23:56","slug":"atelier-de-confection","status":"publish","type":"page","link":"http:\/\/www.madia.fr\/?page_id=1987","title":{"rendered":"Atelier de Confection"},"content":{"rendered":"\n<p>Le projet de formation en coupe et couture et la cr\u00e9ation d\u2019un atelier de confection est une initiative de l\u2019AIC Fianarantsoa, destin\u00e9e aux jeunes mamans seules et vuln\u00e9rables. Ces femmes, souvent abandonn\u00e9es par leurs compagnons sans reconnaissance l\u00e9gale des enfants, se trouvent dans des situations pr\u00e9caires. La majorit\u00e9 poss\u00e8de un niveau d\u2019instruction primaire, voire secondaire sans dipl\u00f4me, et subsiste gr\u00e2ce \u00e0 des activit\u00e9s non qualifi\u00e9es comme le lavage de v\u00eatements.<\/p>\n\n\n\n<p>Face \u00e0 ces difficult\u00e9s, le projet vise \u00e0 offrir une formation professionnelle et \u00e0 cr\u00e9er un espace de production textile pour permettre \u00e0 ces m\u00e8res d\u2019acqu\u00e9rir des comp\u00e9tences et de g\u00e9n\u00e9rer un revenu.<\/p>\n\n\n\n<p><strong><mark style=\"background-color:rgba(0, 0, 0, 0)\" class=\"has-inline-color has-luminous-vivid-orange-color\">Objectifs du Projet<\/mark><\/strong><\/p>\n\n\n\n<ul class=\"wp-block-list\">\n<li>Restaurer la dignit\u00e9 des jeunes mamans en situation pr\u00e9caire.<\/li>\n\n\n\n<li>D\u00e9velopper leurs capacit\u00e9s et valoriser leurs talents.<\/li>\n\n\n\n<li>Offrir une formation qualifiante en coupe et couture.<\/li>\n\n\n\n<li>Favoriser l\u2019autonomie financi\u00e8re gr\u00e2ce \u00e0 un emploi ou une activit\u00e9 ind\u00e9pendante.<\/li>\n\n\n\n<li>B\u00e9n\u00e9ficiaires<\/li>\n<\/ul>\n\n\n\n<p>Le projet cible 70 mamans, dont 20 jeunes m\u00e8res identifi\u00e9es parmi les parents d\u2019\u00e9l\u00e8ves pour suivre la formation initiale.<\/p>\n","protected":false},"excerpt":{"rendered":"<p>Le projet de formation en coupe et couture et la cr\u00e9ation d\u2019un atelier de confection est une initiative de l\u2019AIC Fianarantsoa, destin\u00e9e aux jeunes mamans seules et vuln\u00e9rables. Ces femmes, souvent abandonn\u00e9es par leurs compagnons sans reconnaissance l\u00e9gale des enfants, se trouvent dans des situations pr\u00e9caires. La majorit\u00e9 poss\u00e8de un niveau d\u2019instruction primaire, voire secondaire [&hellip;]<\/p>\n","protected":false},"author":1,"featured_media":0,"parent":0,"menu_order":0,"comment_status":"closed","ping_status":"closed","template":"","meta":{"footnotes":""},"class_list":["post-1987","page","type-page","status-publish","hentry"],"_links":{"self":[{"href":"http:\/\/www.madia.fr\/index.php?rest_route=\/wp\/v2\/pages\/1987","targetHints":{"allow":["GET"]}}],"collection":[{"href":"http:\/\/www.madia.fr\/index.php?rest_route=\/wp\/v2\/pages"}],"about":[{"href":"http:\/\/www.madia.fr\/index.php?rest_route=\/wp\/v2\/types\/page"}],"author":[{"embeddable":true,"href":"http:\/\/www.madia.fr\/index.php?rest_route=\/wp\/v2\/users\/1"}],"replies":[{"embeddable":true,"href":"http:\/\/www.madia.fr\/index.php?rest_route=%2Fwp%2Fv2%2Fcomments&post=1987"}],"version-history":[{"count":1,"href":"http:\/\/www.madia.fr\/index.php?rest_route=\/wp\/v2\/pages\/1987\/revisions"}],"predecessor-version":[{"id":1988,"href":"http:\/\/www.madia.fr\/index.php?rest_route=\/wp\/v2\/pages\/1987\/revisions\/1988"}],"wp:attachment":[{"href":"http:\/\/www.madia.fr\/index.php?rest_route=%2Fwp%2Fv2%2Fmedia&parent=1987"}],"curies":[{"name":"wp","href":"https:\/\/api.w.org\/{rel}","templated":true}]}}