{"id":270,"date":"2016-02-15T19:10:52","date_gmt":"2016-02-15T18:10:52","guid":{"rendered":"http:\/\/www.madia.fr\/?page_id=270"},"modified":"2016-04-10T20:06:23","modified_gmt":"2016-04-10T19:06:23","slug":"concert-2016-2","status":"publish","type":"page","link":"http:\/\/www.madia.fr\/?page_id=270","title":{"rendered":"Concert 2016 &#8211; Annonce"},"content":{"rendered":"<p>Un concert est donn\u00e9 au profit de Madia le 12 mars 2016 \u00e0 20h.<br \/>\nRendez-vous est pris pour ce 1er \u00e9v\u00e9nement. Le Ch\u0153ur d\u2019Hommes des Ombres, dirig\u00e9 par Ritz Rakotomalala, donnera un concert en l\u2019\u00e9glise Saint-Cyr Sainte-Juliette \u00e0 Villejuif. Ce sera l\u2019occasion de se rencontrer et d\u2019\u00e9changer.<br \/>\nNous vous invitons \u00e0 partager la page de l&rsquo;\u00e9v\u00e9nement afin de le relayer largement autour de vous et nous vous y attendons nombreux.<\/p>\n<p>&nbsp;<\/p>\n<p>N&rsquo;h\u00e9sitez pas \u00e0 \u00a0t\u00e9l\u00e9charger\u00a0<a href=\"http:\/\/www.madia.fr\/wp-content\/uploads\/2016\/02\/afficheetprogrammeconcertA3.pdf\">ici<\/a>\u00a0le flyer<\/p>\n<p><a href=\"http:\/\/www.madia.fr\/?attachment_id=276\" rel=\"attachment wp-att-276\"><img loading=\"lazy\" decoding=\"async\" class=\"aligncenter wp-image-276\" src=\"http:\/\/www.madia.fr\/wp-content\/uploads\/2016\/02\/choeur-hommes.png\" alt=\"choeur hommes\" width=\"297\" height=\"203\" srcset=\"http:\/\/www.madia.fr\/wp-content\/uploads\/2016\/02\/choeur-hommes.png 960w, http:\/\/www.madia.fr\/wp-content\/uploads\/2016\/02\/choeur-hommes-300x205.png 300w, http:\/\/www.madia.fr\/wp-content\/uploads\/2016\/02\/choeur-hommes-768x525.png 768w\" sizes=\"auto, (max-width: 297px) 100vw, 297px\" \/><\/a><\/p>\n","protected":false},"excerpt":{"rendered":"<p>Un concert est donn\u00e9 au profit de Madia le 12 mars 2016 \u00e0 20h. Rendez-vous est pris pour ce 1er \u00e9v\u00e9nement. Le Ch\u0153ur d\u2019Hommes des Ombres, dirig\u00e9 par Ritz Rakotomalala, donnera un concert en l\u2019\u00e9glise Saint-Cyr Sainte-Juliette \u00e0 Villejuif. Ce sera l\u2019occasion de se rencontrer et d\u2019\u00e9changer. Nous vous invitons \u00e0 partager la page de [&hellip;]<\/p>\n","protected":false},"author":1,"featured_media":0,"parent":0,"menu_order":0,"comment_status":"closed","ping_status":"closed","template":"","meta":{"footnotes":""},"class_list":["post-270","page","type-page","status-publish","hentry"],"_links":{"self":[{"href":"http:\/\/www.madia.fr\/index.php?rest_route=\/wp\/v2\/pages\/270","targetHints":{"allow":["GET"]}}],"collection":[{"href":"http:\/\/www.madia.fr\/index.php?rest_route=\/wp\/v2\/pages"}],"about":[{"href":"http:\/\/www.madia.fr\/index.php?rest_route=\/wp\/v2\/types\/page"}],"author":[{"embeddable":true,"href":"http:\/\/www.madia.fr\/index.php?rest_route=\/wp\/v2\/users\/1"}],"replies":[{"embeddable":true,"href":"http:\/\/www.madia.fr\/index.php?rest_route=%2Fwp%2Fv2%2Fcomments&post=270"}],"version-history":[{"count":7,"href":"http:\/\/www.madia.fr\/index.php?rest_route=\/wp\/v2\/pages\/270\/revisions"}],"predecessor-version":[{"id":298,"href":"http:\/\/www.madia.fr\/index.php?rest_route=\/wp\/v2\/pages\/270\/revisions\/298"}],"wp:attachment":[{"href":"http:\/\/www.madia.fr\/index.php?rest_route=%2Fwp%2Fv2%2Fmedia&parent=270"}],"curies":[{"name":"wp","href":"https:\/\/api.w.org\/{rel}","templated":true}]}}