{"id":295,"date":"2016-04-10T20:43:34","date_gmt":"2016-04-10T19:43:34","guid":{"rendered":"http:\/\/www.madia.fr\/?page_id=295"},"modified":"2016-06-13T09:50:59","modified_gmt":"2016-06-13T08:50:59","slug":"concert-2016","status":"publish","type":"page","link":"http:\/\/www.madia.fr\/?page_id=295","title":{"rendered":"Concert 2016"},"content":{"rendered":"<p>Le 12 mars 2016, en l\u2019\u00e9glise Saint-Cyr Sainte-Julitte \u00e0 Villejuif a eu lieu l\u2019\u00e9v\u00e9nement culturel organis\u00e9 par MADiA pour faire conna\u00eetre et soutenir notre association.<\/p>\n<p>Pour cette premi\u00e8re, un concert a \u00e9t\u00e9 donn\u00e9 par un ensemble vocal dirig\u00e9 par le talentueux Ritz Rakotomalala. La participation \u00e9tait libre, une petite collation offerte \u00e0 l\u2019issue a permis de prendre un temps d\u2019\u00e9change ; vous avez \u00e9t\u00e9 g\u00e9n\u00e9reux.<\/p>\n<p>G\u00e9n\u00e9reux aussi sont le Ch\u0153ur d\u2019Hommes des Ombres et son directeur musical, M. Ritz Rakotomalala qui nous ont offert totalement ce concert.<\/p>\n<p>Ce concert a cappella nous a \u00e9merveill\u00e9s en nous faisant d\u00e9couvrir un r\u00e9pertoire musical peu r\u00e9pandu en France : Poulenc, Bossi, Mac Glynn et un De Profundis de Ritz Rakotomalala particuli\u00e8rement remarqu\u00e9.\u2008 Apr\u00e8s un bis magistral, les applaudissements ont salu\u00e9 le travail, la qualit\u00e9 et l\u2019engagement de cet Ensemble.<\/p>\n<p>D\u2019autres manifestions seront \u00e0 nouveau organis\u00e9es par l\u2019association avec l\u2019ambition de faire aussi bien, pas facile ! Merci au ch\u0153ur d\u2019Hommes des Ombres.<\/p>\n<p>&nbsp;<\/p>\n<div style=\"width:100%\"><div class=\"wd_error\"><p><strong>There is no gallery selected or the gallery was deleted.<\/strong><\/p><\/div><\/div>\n<h5><em><span style=\"color: #ff6600;\">Merci \u00e0\u00a0notre photographe\u00a0Andritiana RAZAFINJATO<\/span><\/em><\/h5>\n","protected":false},"excerpt":{"rendered":"<p>Le 12 mars 2016, en l\u2019\u00e9glise Saint-Cyr Sainte-Julitte \u00e0 Villejuif a eu lieu l\u2019\u00e9v\u00e9nement culturel organis\u00e9 par MADiA pour faire conna\u00eetre et soutenir notre association. Pour cette premi\u00e8re, un concert a \u00e9t\u00e9 donn\u00e9 par un ensemble vocal dirig\u00e9 par le talentueux Ritz Rakotomalala. La participation \u00e9tait libre, une petite collation offerte \u00e0 l\u2019issue a permis [&hellip;]<\/p>\n","protected":false},"author":1,"featured_media":0,"parent":0,"menu_order":0,"comment_status":"closed","ping_status":"closed","template":"","meta":{"footnotes":""},"class_list":["post-295","page","type-page","status-publish","hentry"],"_links":{"self":[{"href":"http:\/\/www.madia.fr\/index.php?rest_route=\/wp\/v2\/pages\/295","targetHints":{"allow":["GET"]}}],"collection":[{"href":"http:\/\/www.madia.fr\/index.php?rest_route=\/wp\/v2\/pages"}],"about":[{"href":"http:\/\/www.madia.fr\/index.php?rest_route=\/wp\/v2\/types\/page"}],"author":[{"embeddable":true,"href":"http:\/\/www.madia.fr\/index.php?rest_route=\/wp\/v2\/users\/1"}],"replies":[{"embeddable":true,"href":"http:\/\/www.madia.fr\/index.php?rest_route=%2Fwp%2Fv2%2Fcomments&post=295"}],"version-history":[{"count":8,"href":"http:\/\/www.madia.fr\/index.php?rest_route=\/wp\/v2\/pages\/295\/revisions"}],"predecessor-version":[{"id":306,"href":"http:\/\/www.madia.fr\/index.php?rest_route=\/wp\/v2\/pages\/295\/revisions\/306"}],"wp:attachment":[{"href":"http:\/\/www.madia.fr\/index.php?rest_route=%2Fwp%2Fv2%2Fmedia&parent=295"}],"curies":[{"name":"wp","href":"https:\/\/api.w.org\/{rel}","templated":true}]}}