{"id":32,"date":"2015-04-10T20:49:43","date_gmt":"2015-04-10T19:49:43","guid":{"rendered":"http:\/\/www.madia.fr\/?page_id=32"},"modified":"2015-04-18T16:33:38","modified_gmt":"2015-04-18T15:33:38","slug":"motivations","status":"publish","type":"page","link":"http:\/\/www.madia.fr\/?page_id=32","title":{"rendered":"Motivations"},"content":{"rendered":"<p>Redonner la <em>dignit\u00e9<\/em> et <em>l\u2019\u00e9ducation<\/em> aux enfants \u00abL\u2019\u00e9ducation est l\u2019arme la plus puissante qu\u2019on puisse utiliser pour changer le monde\u00a0\u00bb Mandela<\/p>\n<p>Mobilisation de la diaspora pour la <em>solidarit\u00e9<\/em> de tout le pays<\/p>\n<p>Fran\u00e7ais : attaches particuli\u00e8res (capacit\u00e9 des malgaches \u00e0 comprendre la culture fran\u00e7aise, liens historiques, \u2026)<\/p>\n<p>Cachan : le plus grand <em>foyer<\/em> malgache appartenant \u00e0 l\u2019Etat malgache, installation, facilit\u00e9 d\u2019int\u00e9gration des malgaches.<\/p>\n<p>Beaucoup de <em>Malgaches<\/em> vivent \u00e0 Cachan ou \u00e0 proximit\u00e9.<\/p>\n","protected":false},"excerpt":{"rendered":"<p>Redonner la dignit\u00e9 et l\u2019\u00e9ducation aux enfants \u00abL\u2019\u00e9ducation est l\u2019arme la plus puissante qu\u2019on puisse utiliser pour changer le monde\u00a0\u00bb Mandela Mobilisation de la diaspora pour la solidarit\u00e9 de tout le pays Fran\u00e7ais : attaches particuli\u00e8res (capacit\u00e9 des malgaches \u00e0 comprendre la culture fran\u00e7aise, liens historiques, \u2026) Cachan : le plus grand foyer malgache appartenant [&hellip;]<\/p>\n","protected":false},"author":1,"featured_media":0,"parent":2,"menu_order":0,"comment_status":"closed","ping_status":"open","template":"page_madia.php","meta":{"footnotes":""},"class_list":["post-32","page","type-page","status-publish","hentry"],"_links":{"self":[{"href":"http:\/\/www.madia.fr\/index.php?rest_route=\/wp\/v2\/pages\/32","targetHints":{"allow":["GET"]}}],"collection":[{"href":"http:\/\/www.madia.fr\/index.php?rest_route=\/wp\/v2\/pages"}],"about":[{"href":"http:\/\/www.madia.fr\/index.php?rest_route=\/wp\/v2\/types\/page"}],"author":[{"embeddable":true,"href":"http:\/\/www.madia.fr\/index.php?rest_route=\/wp\/v2\/users\/1"}],"replies":[{"embeddable":true,"href":"http:\/\/www.madia.fr\/index.php?rest_route=%2Fwp%2Fv2%2Fcomments&post=32"}],"version-history":[{"count":3,"href":"http:\/\/www.madia.fr\/index.php?rest_route=\/wp\/v2\/pages\/32\/revisions"}],"predecessor-version":[{"id":73,"href":"http:\/\/www.madia.fr\/index.php?rest_route=\/wp\/v2\/pages\/32\/revisions\/73"}],"up":[{"embeddable":true,"href":"http:\/\/www.madia.fr\/index.php?rest_route=\/wp\/v2\/pages\/2"}],"wp:attachment":[{"href":"http:\/\/www.madia.fr\/index.php?rest_route=%2Fwp%2Fv2%2Fmedia&parent=32"}],"curies":[{"name":"wp","href":"https:\/\/api.w.org\/{rel}","templated":true}]}}