{"id":655,"date":"2018-03-01T21:52:56","date_gmt":"2018-03-01T20:52:56","guid":{"rendered":"http:\/\/www.madia.fr\/?page_id=655"},"modified":"2018-03-02T11:44:04","modified_gmt":"2018-03-02T10:44:04","slug":"vente-caritative-2018","status":"publish","type":"page","link":"http:\/\/www.madia.fr\/?page_id=655","title":{"rendered":"Vente caritative 2018"},"content":{"rendered":"<p>Des objets seront propos\u00e9s \u00e0 la vente\u00a0le 11 mars 2018 \u00e0 l&rsquo;occasion du\u00a0concert du\u00a0<a href=\"http:\/\/www.madia.fr\/?page_id=618\"><strong>Quartet HARVEST MOON<\/strong><\/a>. Il s&rsquo;agit d&rsquo;objets achet\u00e9s r\u00e9cemment \u00e0\u00a0Antananarivo et Fianarantsoa par des membres de MADiA qui ont rencontr\u00e9 les artisans qui les fabriquent ; certains sont le fruit du travail des prisonniers \u00e0 Fianarantsoa\u00a0dans le cadre du programme de r\u00e9insertion via des Associations. Tous proviennent donc de Madagascar. Ils ne sont pas fabriqu\u00e9s dans un autre pays. Le profit de cette vente ira int\u00e9gralement \u00e0 notre action 2018.<\/p>\n<p><a href=\"http:\/\/www.madia.fr\/?attachment_id=651\" rel=\"attachment wp-att-651\"><img loading=\"lazy\" decoding=\"async\" class=\"aligncenter size-large wp-image-651\" src=\"http:\/\/www.madia.fr\/wp-content\/uploads\/2018\/03\/2CV-2-1024x768.jpg\" alt=\"\" width=\"570\" height=\"428\" srcset=\"http:\/\/www.madia.fr\/wp-content\/uploads\/2018\/03\/2CV-2-1024x768.jpg 1024w, http:\/\/www.madia.fr\/wp-content\/uploads\/2018\/03\/2CV-2-300x225.jpg 300w, http:\/\/www.madia.fr\/wp-content\/uploads\/2018\/03\/2CV-2-768x576.jpg 768w, http:\/\/www.madia.fr\/wp-content\/uploads\/2018\/03\/2CV-2.jpg 1920w\" sizes=\"auto, (max-width: 570px) 100vw, 570px\" \/><\/a>Voiture miniature 2CV, ex\u00e9cution tr\u00e8s soign\u00e9e en bois pr\u00e9cieux pour ce v\u00e9hicule c\u00e9l\u00e8bre \u00e0 Madagascar.<\/p>\n<p>&nbsp;<\/p>\n<p><a href=\"http:\/\/www.madia.fr\/?attachment_id=652\" rel=\"attachment wp-att-652\"><img loading=\"lazy\" decoding=\"async\" class=\"aligncenter size-large wp-image-652\" src=\"http:\/\/www.madia.fr\/wp-content\/uploads\/2018\/03\/charette-1024x549.jpg\" alt=\"\" width=\"570\" height=\"306\" srcset=\"http:\/\/www.madia.fr\/wp-content\/uploads\/2018\/03\/charette-1024x549.jpg 1024w, http:\/\/www.madia.fr\/wp-content\/uploads\/2018\/03\/charette-300x161.jpg 300w, http:\/\/www.madia.fr\/wp-content\/uploads\/2018\/03\/charette-768x412.jpg 768w, http:\/\/www.madia.fr\/wp-content\/uploads\/2018\/03\/charette.jpg 1920w\" sizes=\"auto, (max-width: 570px) 100vw, 570px\" \/><\/a>Charrette en bois pr\u00e9cieux finement travaill\u00e9e.<\/p>\n<p>&nbsp;<\/p>\n<p><img loading=\"lazy\" decoding=\"async\" class=\"aligncenter size-full wp-image-653\" src=\"http:\/\/www.madia.fr\/wp-content\/uploads\/2018\/03\/nappe.jpg\" alt=\"\" width=\"720\" height=\"960\" srcset=\"http:\/\/www.madia.fr\/wp-content\/uploads\/2018\/03\/nappe.jpg 720w, http:\/\/www.madia.fr\/wp-content\/uploads\/2018\/03\/nappe-225x300.jpg 225w\" sizes=\"auto, (max-width: 720px) 100vw, 720px\" \/>Tr\u00e8s belle nappe en coton de 2 m 70 par 1 m 70 avec broderie dessins g\u00e9om\u00e9trique. Assortiment de douze serviettes.<\/p>\n<p>&nbsp;<\/p>\n<p><img loading=\"lazy\" decoding=\"async\" class=\"aligncenter size-full wp-image-654\" src=\"http:\/\/www.madia.fr\/wp-content\/uploads\/2018\/03\/pochette-rafia.jpg\" alt=\"\" width=\"720\" height=\"960\" srcset=\"http:\/\/www.madia.fr\/wp-content\/uploads\/2018\/03\/pochette-rafia.jpg 720w, http:\/\/www.madia.fr\/wp-content\/uploads\/2018\/03\/pochette-rafia-225x300.jpg 225w\" sizes=\"auto, (max-width: 720px) 100vw, 720px\" \/>Pochettes en raffia.<\/p>\n","protected":false},"excerpt":{"rendered":"<p>Des objets seront propos\u00e9s \u00e0 la vente\u00a0le 11 mars 2018 \u00e0 l&rsquo;occasion du\u00a0concert du\u00a0Quartet HARVEST MOON. Il s&rsquo;agit d&rsquo;objets achet\u00e9s r\u00e9cemment \u00e0\u00a0Antananarivo et Fianarantsoa par des membres de MADiA qui ont rencontr\u00e9 les artisans qui les fabriquent ; certains sont le fruit du travail des prisonniers \u00e0 Fianarantsoa\u00a0dans le cadre du programme de r\u00e9insertion via [&hellip;]<\/p>\n","protected":false},"author":1,"featured_media":0,"parent":0,"menu_order":0,"comment_status":"closed","ping_status":"closed","template":"","meta":{"footnotes":""},"class_list":["post-655","page","type-page","status-publish","hentry"],"_links":{"self":[{"href":"http:\/\/www.madia.fr\/index.php?rest_route=\/wp\/v2\/pages\/655","targetHints":{"allow":["GET"]}}],"collection":[{"href":"http:\/\/www.madia.fr\/index.php?rest_route=\/wp\/v2\/pages"}],"about":[{"href":"http:\/\/www.madia.fr\/index.php?rest_route=\/wp\/v2\/types\/page"}],"author":[{"embeddable":true,"href":"http:\/\/www.madia.fr\/index.php?rest_route=\/wp\/v2\/users\/1"}],"replies":[{"embeddable":true,"href":"http:\/\/www.madia.fr\/index.php?rest_route=%2Fwp%2Fv2%2Fcomments&post=655"}],"version-history":[{"count":7,"href":"http:\/\/www.madia.fr\/index.php?rest_route=\/wp\/v2\/pages\/655\/revisions"}],"predecessor-version":[{"id":665,"href":"http:\/\/www.madia.fr\/index.php?rest_route=\/wp\/v2\/pages\/655\/revisions\/665"}],"wp:attachment":[{"href":"http:\/\/www.madia.fr\/index.php?rest_route=%2Fwp%2Fv2%2Fmedia&parent=655"}],"curies":[{"name":"wp","href":"https:\/\/api.w.org\/{rel}","templated":true}]}}

<p>Des objets seront proposés à la vente le 11 mars 2018 à l&rsquo;occasion du concert du <a href="http://www.madia.fr/?page_id=618"><strong>Quartet HARVEST MOON</strong></a>. Il s&rsquo;agit d&rsquo;objets achetés récemment à Antananarivo et Fianarantsoa par des membres de MADiA qui ont rencontré les artisans qui les fabriquent ; certains sont le fruit du travail des prisonniers à Fianarantsoa dans le cadre du programme de réinsertion via des Associations. Tous proviennent donc de Madagascar. Ils ne sont pas fabriqués dans un autre pays. Le profit de cette vente ira intégralement à notre action 2018.</p>
<p><a href="http://www.madia.fr/?attachment_id=651" rel="attachment wp-att-651"><img loading="lazy" decoding="async" class="aligncenter size-large wp-image-651" src="http://www.madia.fr/wp-content/uploads/2018/03/2CV-2-1024x768.jpg" alt="" width="570" height="428" srcset="http://www.madia.fr/wp-content/uploads/2018/03/2CV-2-1024x768.jpg 1024w, http://www.madia.fr/wp-content/uploads/2018/03/2CV-2-300x225.jpg 300w, http://www.madia.fr/wp-content/uploads/2018/03/2CV-2-768x576.jpg 768w, http://www.madia.fr/wp-content/uploads/2018/03/2CV-2.jpg 1920w" sizes="auto, (max-width: 570px) 100vw, 570px" /></a>Voiture miniature 2CV, exécution très soignée en bois précieux pour ce véhicule célèbre à Madagascar.</p>
<p>&nbsp;</p>
<p><a href="http://www.madia.fr/?attachment_id=652" rel="attachment wp-att-652"><img loading="lazy" decoding="async" class="aligncenter size-large wp-image-652" src="http://www.madia.fr/wp-content/uploads/2018/03/charette-1024x549.jpg" alt="" width="570" height="306" srcset="http://www.madia.fr/wp-content/uploads/2018/03/charette-1024x549.jpg 1024w, http://www.madia.fr/wp-content/uploads/2018/03/charette-300x161.jpg 300w, http://www.madia.fr/wp-content/uploads/2018/03/charette-768x412.jpg 768w, http://www.madia.fr/wp-content/uploads/2018/03/charette.jpg 1920w" sizes="auto, (max-width: 570px) 100vw, 570px" /></a>Charrette en bois précieux finement travaillée.</p>
<p>&nbsp;</p>
<p><img loading="lazy" decoding="async" class="aligncenter size-full wp-image-653" src="http://www.madia.fr/wp-content/uploads/2018/03/nappe.jpg" alt="" width="720" height="960" srcset="http://www.madia.fr/wp-content/uploads/2018/03/nappe.jpg 720w, http://www.madia.fr/wp-content/uploads/2018/03/nappe-225x300.jpg 225w" sizes="auto, (max-width: 720px) 100vw, 720px" />Très belle nappe en coton de 2 m 70 par 1 m 70 avec broderie dessins géométrique. Assortiment de douze serviettes.</p>
<p>&nbsp;</p>
<p><img loading="lazy" decoding="async" class="aligncenter size-full wp-image-654" src="http://www.madia.fr/wp-content/uploads/2018/03/pochette-rafia.jpg" alt="" width="720" height="960" srcset="http://www.madia.fr/wp-content/uploads/2018/03/pochette-rafia.jpg 720w, http://www.madia.fr/wp-content/uploads/2018/03/pochette-rafia-225x300.jpg 225w" sizes="auto, (max-width: 720px) 100vw, 720px" />Pochettes en raffia.</p>

<p>Des objets seront proposés à la vente le 11 mars 2018 à l&rsquo;occasion du concert du Quartet HARVEST MOON. Il s&rsquo;agit d&rsquo;objets achetés récemment à Antananarivo et Fianarantsoa par des membres de MADiA qui ont rencontré les artisans qui les fabriquent ; certains sont le fruit du travail des prisonniers à Fianarantsoa dans le cadre du programme de réinsertion via [&hellip;]</p>
