{"id":945,"date":"2020-07-13T17:35:27","date_gmt":"2020-07-13T16:35:27","guid":{"rendered":"http:\/\/www.madia.fr\/?page_id=945"},"modified":"2021-09-10T19:56:05","modified_gmt":"2021-09-10T18:56:05","slug":"projets-2020-en-cours","status":"publish","type":"page","link":"http:\/\/www.madia.fr\/?page_id=945","title":{"rendered":"Projets 2020"},"content":{"rendered":"<p>Les projets en cours se s\u00e9parent en investissements nouveaux et fonctionnement de ce qui existe d\u00e9j\u00e0.<\/p>\n<p><span style=\"color: #ff6600;\">TRAVAUX DE CONSTRUCTION DU BLOC SANITAIRE ET DU JARDIN P\u00c9DAGOGIQUE<\/span><\/p>\n<p>D\u00e9cid\u00e9 fin 2019, le projet de construction d\u2019un bloc sanitaire et d\u2019un jardin p\u00e9dagogique \u00e0 l\u2019ESC a commenc\u00e9 en mai 2020 seulement, en raison de la crise sanitaire qui n\u2019a pas \u00e9pargn\u00e9 Madagascar. Financ\u00e9 en partie par le CRIJ de Cachan, il consiste \u00e0 doter l\u2019ESC de sanitaires aux normes en remplacement de douches et de toilettes v\u00e9tustes. Le jardin p\u00e9dagogique consistera \u00e0 am\u00e9nager les espaces verts afin d\u2019en faire un outil p\u00e9dagogique autour des activit\u00e9s agricoles notamment.<\/p>\n<p>Le bloc sanitaire est termin\u00e9 et il a fait l&rsquo;objet d&rsquo;une r\u00e9ception.<\/p>\n<div id=\"attachment_950\" style=\"width: 310px\" class=\"wp-caption aligncenter\"><a href=\"http:\/\/www.madia.fr\/?attachment_id=950\" rel=\"attachment wp-att-950\"><img loading=\"lazy\" decoding=\"async\" aria-describedby=\"caption-attachment-950\" class=\"size-medium wp-image-950\" src=\"http:\/\/www.madia.fr\/wp-content\/uploads\/2020\/07\/DSCN0817-li-300x225.jpg\" alt=\"\" width=\"300\" height=\"225\" srcset=\"http:\/\/www.madia.fr\/wp-content\/uploads\/2020\/07\/DSCN0817-li-300x225.jpg 300w, http:\/\/www.madia.fr\/wp-content\/uploads\/2020\/07\/DSCN0817-li-1024x768.jpg 1024w, http:\/\/www.madia.fr\/wp-content\/uploads\/2020\/07\/DSCN0817-li-768x576.jpg 768w, http:\/\/www.madia.fr\/wp-content\/uploads\/2020\/07\/DSCN0817-li.jpg 1417w\" sizes=\"auto, (max-width: 300px) 100vw, 300px\" \/><\/a><p id=\"caption-attachment-950\" class=\"wp-caption-text\">Le nouvel ensemble tout neuf<\/p><\/div>\n<div id=\"attachment_948\" style=\"width: 179px\" class=\"wp-caption aligncenter\"><a href=\"http:\/\/www.madia.fr\/?attachment_id=948\" rel=\"attachment wp-att-948\"><img loading=\"lazy\" decoding=\"async\" aria-describedby=\"caption-attachment-948\" class=\"size-medium wp-image-948\" src=\"http:\/\/www.madia.fr\/wp-content\/uploads\/2020\/07\/DSC_1625-li-169x300.jpg\" alt=\"\" width=\"169\" height=\"300\" srcset=\"http:\/\/www.madia.fr\/wp-content\/uploads\/2020\/07\/DSC_1625-li-169x300.jpg 169w, http:\/\/www.madia.fr\/wp-content\/uploads\/2020\/07\/DSC_1625-li-576x1024.jpg 576w, http:\/\/www.madia.fr\/wp-content\/uploads\/2020\/07\/DSC_1625-li.jpg 709w\" sizes=\"auto, (max-width: 169px) 100vw, 169px\" \/><\/a><p id=\"caption-attachment-948\" class=\"wp-caption-text\">5 nouvelles toilettes<\/p><\/div>\n<div id=\"attachment_949\" style=\"width: 179px\" class=\"wp-caption aligncenter\"><a href=\"http:\/\/www.madia.fr\/?attachment_id=949\" rel=\"attachment wp-att-949\"><img loading=\"lazy\" decoding=\"async\" aria-describedby=\"caption-attachment-949\" class=\"size-medium wp-image-949\" src=\"http:\/\/www.madia.fr\/wp-content\/uploads\/2020\/07\/DSC_1626-li-169x300.jpg\" alt=\"\" width=\"169\" height=\"300\" srcset=\"http:\/\/www.madia.fr\/wp-content\/uploads\/2020\/07\/DSC_1626-li-169x300.jpg 169w, http:\/\/www.madia.fr\/wp-content\/uploads\/2020\/07\/DSC_1626-li-576x1024.jpg 576w, http:\/\/www.madia.fr\/wp-content\/uploads\/2020\/07\/DSC_1626-li.jpg 591w\" sizes=\"auto, (max-width: 169px) 100vw, 169px\" \/><\/a><p id=\"caption-attachment-949\" class=\"wp-caption-text\">Deux nouvelles douches<\/p><\/div>\n<p><span style=\"color: #ff6600;\">SOUTIEN DE LA CANTINE POUR LES ENFANTS A L\u2019AIC<\/span><\/p>\n<p>Premi\u00e8re action de soutien de Madia \u00e0 son association partenaire AIC (Association Internationale de la Charit\u00e9), le soutien \u00e0 la cantine est devenu une action permanente, essentielle pour la bonne conduite de cette derni\u00e8re. Ainsi, chaque ann\u00e9e, environ 200 jeunes enfants b\u00e9n\u00e9ficient de repas quotidiens \u00e0 midi au sein de l\u2019AIC durant la p\u00e9riode scolaire.<\/p>\n<p><span style=\"color: #ff6600;\">ENTREE DE LA DEUXIEME PROMOTION DE L\u2019ESC<\/span><\/p>\n<p>La deuxi\u00e8me promotion a fait son entr\u00e9e a l\u2019Ecole de la Seconde Chance en novembre 2019.<\/p>\n<p>Elle se compose de 12 gar\u00e7ons et 8 filles entre 15 et 17 ans, tous tr\u00e8s motiv\u00e9s pour se remettre \u00e0 niveau en vue d\u2019une int\u00e9gration dans des centres de formation professionnelle d\u2019ici un ou deux ans. Chaque jeune a d\u00e9j\u00e0 une id\u00e9e du m\u00e9tier auquel il veut se destiner : m\u00e9canique, menuiserie, couture, coiffure, cuisine, h\u00f4tellerie mais aussi secr\u00e9taire ou dans l\u2019administration.<\/p>\n<p><span style=\"color: #ff6600;\">SUIVI DES ELEVES DE LA PREMIERE PROMOTION DE L\u2019ESC DANS LEURS PARCOURS DE FORMATION PROFESSIONNELLE<\/span><\/p>\n<p>Apr\u00e8s avoir pass\u00e9 deux ans \u00e0 l\u2019ESC, les jeunes de la premi\u00e8re promotion sont actuellement dans des centres de formation professionnelle depuis novembre 2019. Quatre sont en formation bois, quatre en coupe et couture, une en h\u00f4tellerie et deux en cuisine. Les sortants de l\u2019ESC sont suivis jusqu\u2019au dipl\u00f4me, l\u2019association MADIA prenant en charge leurs frais d\u2019apprentissage jusqu\u2019\u00e0 leur sortie de ces centres de formation professionnelle.<\/p>\n<p><span style=\"color: #ff6600;\">LE PARRAINAGE<\/span><\/p>\n<p>Depuis l\u2019\u00e9t\u00e9 2019, une exp\u00e9rience de parrainage est lanc\u00e9e : le parrainage consiste \u00e0 associer une famille en France \u00e0 un ou une jeune, aid\u00e9(e) de sa marraine de l\u2019AIC (Association Internationale de la Charit\u00e9), notamment pour assurer la correspondance en fran\u00e7ais. Il s\u2019agit d\u2019\u00e9changer, par mail, texte et photo. Il n\u2019y a ni argent ni cadeau, seulement une belle ouverture entre les deux continents. Le dispositif concerne jusqu\u2019\u00e0 pr\u00e9sent les jeunes de la premi\u00e8re promotion de l\u2019ESC.<\/p>\n","protected":false},"excerpt":{"rendered":"<p>Les projets en cours se s\u00e9parent en investissements nouveaux et fonctionnement de ce qui existe d\u00e9j\u00e0. TRAVAUX DE CONSTRUCTION DU BLOC SANITAIRE ET DU JARDIN P\u00c9DAGOGIQUE D\u00e9cid\u00e9 fin 2019, le projet de construction d\u2019un bloc sanitaire et d\u2019un jardin p\u00e9dagogique \u00e0 l\u2019ESC a commenc\u00e9 en mai 2020 seulement, en raison de la crise sanitaire qui [&hellip;]<\/p>\n","protected":false},"author":1,"featured_media":0,"parent":0,"menu_order":0,"comment_status":"closed","ping_status":"closed","template":"","meta":{"footnotes":""},"class_list":["post-945","page","type-page","status-publish","hentry"],"_links":{"self":[{"href":"http:\/\/www.madia.fr\/index.php?rest_route=\/wp\/v2\/pages\/945","targetHints":{"allow":["GET"]}}],"collection":[{"href":"http:\/\/www.madia.fr\/index.php?rest_route=\/wp\/v2\/pages"}],"about":[{"href":"http:\/\/www.madia.fr\/index.php?rest_route=\/wp\/v2\/types\/page"}],"author":[{"embeddable":true,"href":"http:\/\/www.madia.fr\/index.php?rest_route=\/wp\/v2\/users\/1"}],"replies":[{"embeddable":true,"href":"http:\/\/www.madia.fr\/index.php?rest_route=%2Fwp%2Fv2%2Fcomments&post=945"}],"version-history":[{"count":8,"href":"http:\/\/www.madia.fr\/index.php?rest_route=\/wp\/v2\/pages\/945\/revisions"}],"predecessor-version":[{"id":1346,"href":"http:\/\/www.madia.fr\/index.php?rest_route=\/wp\/v2\/pages\/945\/revisions\/1346"}],"wp:attachment":[{"href":"http:\/\/www.madia.fr\/index.php?rest_route=%2Fwp%2Fv2%2Fmedia&parent=945"}],"curies":[{"name":"wp","href":"https:\/\/api.w.org\/{rel}","templated":true}]}}