{"id":1071,"date":"2020-11-10T20:46:00","date_gmt":"2020-11-10T19:46:00","guid":{"rendered":"http:\/\/www.madia.fr\/?page_id=1071"},"modified":"2020-11-17T08:23:27","modified_gmt":"2020-11-17T07:23:27","slug":"premiere-semaine-apres-la-rentree","status":"publish","type":"page","link":"https:\/\/www.madia.fr\/?page_id=1071","title":{"rendered":"Premi\u00e8re semaine apr\u00e8s la rentr\u00e9e"},"content":{"rendered":"\r\n<p>Les blouses, les tenues de c\u00e9r\u00e9monie et les tenues de sports restent encore en attente de livraison mais tous les achats ont \u00e9t\u00e9 bien finalis\u00e9s.<br \/>Voici quelques photos lors de la prise de contact avec les nouveaux profs et la distribution de serviettes.<\/p>\r\n\r\n\r\n\r\n<p>Une ann\u00e9e qui commence bien !<br \/><br \/><br \/>Mr Ando, nouveau professeur d&rsquo;orientation et atelier d&rsquo;expression de l&rsquo;ESC<\/p>\r\n\r\n\r\n\r\n<figure class=\"wp-block-image size-large is-resized\"><img loading=\"lazy\" decoding=\"async\" class=\"wp-image-1069\" src=\"http:\/\/www.madia.fr\/wp-content\/uploads\/2020\/11\/Mr-ANDO-un-nouveau-prof-dorientation-et-ATE-de-lESC-1024x768.jpg\" alt=\"\" width=\"512\" height=\"384\" srcset=\"https:\/\/www.madia.fr\/wp-content\/uploads\/2020\/11\/Mr-ANDO-un-nouveau-prof-dorientation-et-ATE-de-lESC-1024x768.jpg 1024w, https:\/\/www.madia.fr\/wp-content\/uploads\/2020\/11\/Mr-ANDO-un-nouveau-prof-dorientation-et-ATE-de-lESC-300x225.jpg 300w, https:\/\/www.madia.fr\/wp-content\/uploads\/2020\/11\/Mr-ANDO-un-nouveau-prof-dorientation-et-ATE-de-lESC-768x576.jpg 768w, https:\/\/www.madia.fr\/wp-content\/uploads\/2020\/11\/Mr-ANDO-un-nouveau-prof-dorientation-et-ATE-de-lESC.jpg 1200w\" sizes=\"auto, (max-width: 512px) 100vw, 512px\" \/><\/figure>\r\n\r\n\r\n\r\n<p><br \/><br \/>Mr Jeannot, un nouveau prof de dessin de l&rsquo;ESC<\/p>\r\n\r\n\r\n\r\n<figure class=\"wp-block-image size-large is-resized\"><img loading=\"lazy\" decoding=\"async\" class=\"wp-image-1070\" src=\"http:\/\/www.madia.fr\/wp-content\/uploads\/2020\/11\/Mr-Jeannot-un-nouveau-prof-de-DESSIN-de-lESC-768x1024.jpg\" alt=\"\" width=\"384\" height=\"512\" srcset=\"https:\/\/www.madia.fr\/wp-content\/uploads\/2020\/11\/Mr-Jeannot-un-nouveau-prof-de-DESSIN-de-lESC-768x1024.jpg 768w, https:\/\/www.madia.fr\/wp-content\/uploads\/2020\/11\/Mr-Jeannot-un-nouveau-prof-de-DESSIN-de-lESC-225x300.jpg 225w, https:\/\/www.madia.fr\/wp-content\/uploads\/2020\/11\/Mr-Jeannot-un-nouveau-prof-de-DESSIN-de-lESC.jpg 900w\" sizes=\"auto, (max-width: 384px) 100vw, 384px\" \/><\/figure>\r\n\r\n\r\n\r\n<p><br \/><br \/>Distribution des serviettes de bain pour les filles P3<\/p>\r\n\r\n\r\n\r\n<figure class=\"wp-block-image size-large is-resized\"><img loading=\"lazy\" decoding=\"async\" class=\"wp-image-1068\" src=\"http:\/\/www.madia.fr\/wp-content\/uploads\/2020\/11\/photo-lors-de-la-distribution-des-serviettes-de-bain-pour-les-filles-PO3-768x1024.jpg\" alt=\"\" width=\"384\" height=\"512\" srcset=\"https:\/\/www.madia.fr\/wp-content\/uploads\/2020\/11\/photo-lors-de-la-distribution-des-serviettes-de-bain-pour-les-filles-PO3-768x1024.jpg 768w, https:\/\/www.madia.fr\/wp-content\/uploads\/2020\/11\/photo-lors-de-la-distribution-des-serviettes-de-bain-pour-les-filles-PO3-225x300.jpg 225w, https:\/\/www.madia.fr\/wp-content\/uploads\/2020\/11\/photo-lors-de-la-distribution-des-serviettes-de-bain-pour-les-filles-PO3.jpg 900w\" sizes=\"auto, (max-width: 384px) 100vw, 384px\" \/><\/figure>\r\n\r\n\r\n\r\n<p><br \/><br \/>Puis, les gar\u00e7ons P3 recevant leurs serviettes de bain<\/p>\r\n\r\n\r\n\r\n<figure class=\"wp-block-image size-large is-resized\"><img loading=\"lazy\" decoding=\"async\" class=\"wp-image-1067\" src=\"http:\/\/www.madia.fr\/wp-content\/uploads\/2020\/11\/Les-garcons-PO3-en-recevant-leurs-serviettes-de-bain-1024x768.jpg\" alt=\"\" width=\"512\" height=\"384\" srcset=\"https:\/\/www.madia.fr\/wp-content\/uploads\/2020\/11\/Les-garcons-PO3-en-recevant-leurs-serviettes-de-bain-1024x768.jpg 1024w, https:\/\/www.madia.fr\/wp-content\/uploads\/2020\/11\/Les-garcons-PO3-en-recevant-leurs-serviettes-de-bain-300x225.jpg 300w, https:\/\/www.madia.fr\/wp-content\/uploads\/2020\/11\/Les-garcons-PO3-en-recevant-leurs-serviettes-de-bain-768x576.jpg 768w, https:\/\/www.madia.fr\/wp-content\/uploads\/2020\/11\/Les-garcons-PO3-en-recevant-leurs-serviettes-de-bain.jpg 1200w\" sizes=\"auto, (max-width: 512px) 100vw, 512px\" \/><\/figure>\r\n","protected":false},"excerpt":{"rendered":"<p>Les blouses, les tenues de c\u00e9r\u00e9monie et les tenues de sports restent encore en attente de livraison mais tous les achats ont \u00e9t\u00e9 bien finalis\u00e9s.Voici quelques photos lors de la prise de contact avec les nouveaux profs et la distribution de serviettes. Une ann\u00e9e qui commence bien ! Mr Ando, nouveau professeur d&rsquo;orientation et atelier [&hellip;]<\/p>\n","protected":false},"author":1,"featured_media":0,"parent":0,"menu_order":0,"comment_status":"closed","ping_status":"closed","template":"","meta":{"footnotes":""},"class_list":["post-1071","page","type-page","status-publish","hentry"],"_links":{"self":[{"href":"https:\/\/www.madia.fr\/index.php?rest_route=\/wp\/v2\/pages\/1071","targetHints":{"allow":["GET"]}}],"collection":[{"href":"https:\/\/www.madia.fr\/index.php?rest_route=\/wp\/v2\/pages"}],"about":[{"href":"https:\/\/www.madia.fr\/index.php?rest_route=\/wp\/v2\/types\/page"}],"author":[{"embeddable":true,"href":"https:\/\/www.madia.fr\/index.php?rest_route=\/wp\/v2\/users\/1"}],"replies":[{"embeddable":true,"href":"https:\/\/www.madia.fr\/index.php?rest_route=%2Fwp%2Fv2%2Fcomments&post=1071"}],"version-history":[{"count":9,"href":"https:\/\/www.madia.fr\/index.php?rest_route=\/wp\/v2\/pages\/1071\/revisions"}],"predecessor-version":[{"id":1085,"href":"https:\/\/www.madia.fr\/index.php?rest_route=\/wp\/v2\/pages\/1071\/revisions\/1085"}],"wp:attachment":[{"href":"https:\/\/www.madia.fr\/index.php?rest_route=%2Fwp%2Fv2%2Fmedia&parent=1071"}],"curies":[{"name":"wp","href":"https:\/\/api.w.org\/{rel}","templated":true}]}}