{"id":1560,"date":"2022-10-17T13:11:22","date_gmt":"2022-10-17T12:11:22","guid":{"rendered":"http:\/\/www.madia.fr\/?page_id=1560"},"modified":"2023-02-04T09:55:22","modified_gmt":"2023-02-04T08:55:22","slug":"la-rentree-est-la-le-stage-en-cours","status":"publish","type":"page","link":"https:\/\/www.madia.fr\/?page_id=1560","title":{"rendered":"La rentr\u00e9e est l\u00e0, le stage en cours"},"content":{"rendered":"\n<p><strong>Micha\u00ebl, notre animateur \u00e9ducateur, nous \u00e9crit de Fianarantsoa.<\/strong><\/p>\n\n\n\n<p>Les jeunes filles du CFP<sup>1<\/sup> FMA<sup>2<\/sup> Andavakapaha, coupe et couture, ont repris le cours en d\u00e9but septembre, tandis que deux jeunes filles de la promotion P04 ont fait leur rentr\u00e9e au centre apr\u00e8s leur passage d\u2019une ann\u00e9e \u00e0 l\u2019<em><mark style=\"background-color:rgba(0, 0, 0, 0)\" class=\"has-inline-color has-luminous-vivid-orange-color\">\u00c9cole de la Seconde Chance<\/mark><\/em>. De l\u2019autre c\u00f4t\u00e9, un peu plus au Nord, les jeunes gar\u00e7ons du CFT Don Bosco Ankofafa ont fait leur rentr\u00e9e pour ceux du promotion P02 en 2<sup>e<\/sup> ann\u00e9e et ceux de la promotion P03 en 1<sup>\u00e8re<\/sup> ann\u00e9e. De leur c\u00f4t\u00e9, les jeunes gar\u00e7ons tous frais sortis de l\u2019ESC de la promotion P04 vont faire leur d\u00e9but en AP<sup>3<\/sup>.<\/p>\n\n\n\n<p>Pendant ce temps, le stage des jeunes de la promotion P01 en fin de formation au CFT Bon Bosco, suit son cours au sein des divers entreprises dans la ville de Fianarantsoa.<\/p>\n\n\n<div class=\"wp-block-image\">\n<figure class=\"aligncenter size-large\"><a href=\"http:\/\/www.madia.fr\/wp-content\/uploads\/2022\/10\/Julien-P01.jpg\"><img loading=\"lazy\" decoding=\"async\" width=\"1024\" height=\"768\" src=\"http:\/\/www.madia.fr\/wp-content\/uploads\/2022\/10\/Julien-P01-1024x768.jpg\" alt=\"\" class=\"wp-image-1563\" srcset=\"https:\/\/www.madia.fr\/wp-content\/uploads\/2022\/10\/Julien-P01-1024x768.jpg 1024w, https:\/\/www.madia.fr\/wp-content\/uploads\/2022\/10\/Julien-P01-300x225.jpg 300w, https:\/\/www.madia.fr\/wp-content\/uploads\/2022\/10\/Julien-P01-768x576.jpg 768w, https:\/\/www.madia.fr\/wp-content\/uploads\/2022\/10\/Julien-P01-1536x1152.jpg 1536w, https:\/\/www.madia.fr\/wp-content\/uploads\/2022\/10\/Julien-P01.jpg 2048w\" sizes=\"auto, (max-width: 1024px) 100vw, 1024px\" \/><\/a><figcaption class=\"wp-element-caption\">Julien de la promotion P01 en fin de stage chez ADES aux commandes du poste \u00e0 souder<\/figcaption><\/figure><\/div>\n\n\n<p><\/p>\n\n\n\n<p><\/p>\n\n\n\n<p class=\"has-cyan-bluish-gray-color has-text-color\"><sup>1&nbsp;<\/sup>: Centre de Formation Professionnelle<\/p>\n\n\n\n<p class=\"has-cyan-bluish-gray-color has-text-color\"><sup>2&nbsp;<\/sup>: Filles de Marie Auxiliatrice<\/p>\n\n\n\n<p class=\"has-cyan-bluish-gray-color has-text-color\"><sup>3&nbsp;<\/sup>: Ann\u00e9e Pr\u00e9paratoire<\/p>\n","protected":false},"excerpt":{"rendered":"<p>Micha\u00ebl, notre animateur \u00e9ducateur, nous \u00e9crit de Fianarantsoa. Les jeunes filles du CFP1 FMA2 Andavakapaha, coupe et couture, ont repris le cours en d\u00e9but septembre, tandis que deux jeunes filles de la promotion P04 ont fait leur rentr\u00e9e au centre apr\u00e8s leur passage d\u2019une ann\u00e9e \u00e0 l\u2019\u00c9cole de la Seconde Chance. De l\u2019autre c\u00f4t\u00e9, un [&hellip;]<\/p>\n","protected":false},"author":1,"featured_media":0,"parent":0,"menu_order":0,"comment_status":"closed","ping_status":"closed","template":"","meta":{"footnotes":""},"class_list":["post-1560","page","type-page","status-publish","hentry"],"_links":{"self":[{"href":"https:\/\/www.madia.fr\/index.php?rest_route=\/wp\/v2\/pages\/1560","targetHints":{"allow":["GET"]}}],"collection":[{"href":"https:\/\/www.madia.fr\/index.php?rest_route=\/wp\/v2\/pages"}],"about":[{"href":"https:\/\/www.madia.fr\/index.php?rest_route=\/wp\/v2\/types\/page"}],"author":[{"embeddable":true,"href":"https:\/\/www.madia.fr\/index.php?rest_route=\/wp\/v2\/users\/1"}],"replies":[{"embeddable":true,"href":"https:\/\/www.madia.fr\/index.php?rest_route=%2Fwp%2Fv2%2Fcomments&post=1560"}],"version-history":[{"count":6,"href":"https:\/\/www.madia.fr\/index.php?rest_route=\/wp\/v2\/pages\/1560\/revisions"}],"predecessor-version":[{"id":1615,"href":"https:\/\/www.madia.fr\/index.php?rest_route=\/wp\/v2\/pages\/1560\/revisions\/1615"}],"wp:attachment":[{"href":"https:\/\/www.madia.fr\/index.php?rest_route=%2Fwp%2Fv2%2Fmedia&parent=1560"}],"curies":[{"name":"wp","href":"https:\/\/api.w.org\/{rel}","templated":true}]}}