{"id":1796,"date":"2023-03-10T18:37:47","date_gmt":"2023-03-10T17:37:47","guid":{"rendered":"http:\/\/www.madia.fr\/?page_id=1796"},"modified":"2023-03-10T18:50:14","modified_gmt":"2023-03-10T17:50:14","slug":"pascale-et-laurent-visitent","status":"publish","type":"page","link":"https:\/\/www.madia.fr\/?page_id=1796","title":{"rendered":"Pascale et Laurent visitent&#8230;"},"content":{"rendered":"\n<p><mark style=\"background-color:rgba(0, 0, 0, 0)\" class=\"has-inline-color has-luminous-vivid-orange-color\">Pascale et Laurent de l&rsquo;association Les Amis d&rsquo;Akany Soa ont rendu visite \u00e0 l&rsquo;ESC.<\/mark><\/p>\n\n\n\n<p>Nous avons quitt\u00e9 Manakara pour nous rendre \u00e0 Fianarantsoa, o\u00f9 nous avons livr\u00e9 26 kilos de livres \u00e0 l&rsquo;\u00c9cole de la seconde chance, soutenue par l&rsquo;association cachanaise MADIA. <em>(Et ils ont rapport\u00e9 aussi divers objets d\u2019artisanat, pr\u00e9cieux pour les ventes de No\u00ebl)<\/em><\/p>\n\n\n\n<p>Nous avons visit\u00e9 aussi leurs nouveaux locaux (agrandissement) en cours de finition.<\/p>\n\n\n\n<figure class=\"wp-block-gallery has-nested-images columns-default is-cropped wp-block-gallery-1 is-layout-flex wp-block-gallery-is-layout-flex\">\n<figure class=\"wp-block-image size-large\"><a href=\"http:\/\/www.madia.fr\/wp-content\/uploads\/2023\/03\/Chaumont1.jpg\"><img loading=\"lazy\" decoding=\"async\" width=\"886\" height=\"664\" data-id=\"1797\" src=\"http:\/\/www.madia.fr\/wp-content\/uploads\/2023\/03\/Chaumont1.jpg\" alt=\"\" class=\"wp-image-1797\" srcset=\"https:\/\/www.madia.fr\/wp-content\/uploads\/2023\/03\/Chaumont1.jpg 886w, https:\/\/www.madia.fr\/wp-content\/uploads\/2023\/03\/Chaumont1-300x225.jpg 300w, https:\/\/www.madia.fr\/wp-content\/uploads\/2023\/03\/Chaumont1-768x576.jpg 768w\" sizes=\"auto, (max-width: 886px) 100vw, 886px\" \/><\/a><figcaption class=\"wp-element-caption\">Livres apport\u00e9s de France par Pascale et Laurent. Merci !<\/figcaption><\/figure>\n\n\n\n<figure class=\"wp-block-image size-large\"><a href=\"http:\/\/www.madia.fr\/wp-content\/uploads\/2023\/03\/Chaumont2.jpg\"><img loading=\"lazy\" decoding=\"async\" width=\"886\" height=\"664\" data-id=\"1798\" src=\"http:\/\/www.madia.fr\/wp-content\/uploads\/2023\/03\/Chaumont2.jpg\" alt=\"\" class=\"wp-image-1798\" srcset=\"https:\/\/www.madia.fr\/wp-content\/uploads\/2023\/03\/Chaumont2.jpg 886w, https:\/\/www.madia.fr\/wp-content\/uploads\/2023\/03\/Chaumont2-300x225.jpg 300w, https:\/\/www.madia.fr\/wp-content\/uploads\/2023\/03\/Chaumont2-768x576.jpg 768w\" sizes=\"auto, (max-width: 886px) 100vw, 886px\" \/><\/a><figcaption class=\"wp-element-caption\">Hanitrala fait visiter les futurs locaux \u00e0 Pascale<\/figcaption><\/figure>\n\n\n\n<figure class=\"wp-block-image size-large\"><a href=\"http:\/\/www.madia.fr\/wp-content\/uploads\/2023\/03\/Chaumont3jpg.jpg\"><img loading=\"lazy\" decoding=\"async\" width=\"886\" height=\"664\" data-id=\"1799\" src=\"http:\/\/www.madia.fr\/wp-content\/uploads\/2023\/03\/Chaumont3jpg.jpg\" alt=\"\" class=\"wp-image-1799\" srcset=\"https:\/\/www.madia.fr\/wp-content\/uploads\/2023\/03\/Chaumont3jpg.jpg 886w, https:\/\/www.madia.fr\/wp-content\/uploads\/2023\/03\/Chaumont3jpg-300x225.jpg 300w, https:\/\/www.madia.fr\/wp-content\/uploads\/2023\/03\/Chaumont3jpg-768x576.jpg 768w\" sizes=\"auto, (max-width: 886px) 100vw, 886px\" \/><\/a><figcaption class=\"wp-element-caption\">Extension en construction<\/figcaption><\/figure>\n\n\n\n<figure class=\"wp-block-image size-large\"><a href=\"http:\/\/www.madia.fr\/wp-content\/uploads\/2023\/03\/Chaumont4.jpg\"><img loading=\"lazy\" decoding=\"async\" width=\"886\" height=\"664\" data-id=\"1800\" src=\"http:\/\/www.madia.fr\/wp-content\/uploads\/2023\/03\/Chaumont4.jpg\" alt=\"\" class=\"wp-image-1800\" srcset=\"https:\/\/www.madia.fr\/wp-content\/uploads\/2023\/03\/Chaumont4.jpg 886w, https:\/\/www.madia.fr\/wp-content\/uploads\/2023\/03\/Chaumont4-300x225.jpg 300w, https:\/\/www.madia.fr\/wp-content\/uploads\/2023\/03\/Chaumont4-768x576.jpg 768w\" sizes=\"auto, (max-width: 886px) 100vw, 886px\" \/><\/a><figcaption class=\"wp-element-caption\">A l&rsquo;int\u00e9rieur de l&rsquo;ESC<\/figcaption><\/figure>\n<\/figure>\n\n\n\n<p>Nous avons dormi dans un h\u00f4tel avec une belle vue sur la ville, et au premier plan ce magnifique jacaranda.<\/p>\n\n\n\n<figure class=\"wp-block-image\"><a href=\"http:\/\/ekladata.com\/Z3qe52eYh-Lx43pM34IUM4-91sU.jpg\" target=\"_blank\" rel=\"noreferrer noopener\"><img decoding=\"async\" src=\"http:\/\/ekladata.com\/Z3qe52eYh-Lx43pM34IUM4-91sU@500x375.jpg\" alt=\"--&gt; Nov. 2022 : suite compte-rendu\"\/><\/a><\/figure>\n\n\n\n<p>Le compte rendu complet de leur mission \u00e0 Madagascar se trouve sur<mark style=\"background-color:rgba(0, 0, 0, 0)\" class=\"has-inline-color has-black-color\"> le site de l&rsquo;association Les amis d&rsquo;Akany Soa<\/mark><mark style=\"background-color:rgba(0, 0, 0, 0)\" class=\"has-inline-color has-vivid-green-cyan-color\"> <a rel=\"noreferrer noopener\" href=\"http:\/\/lesamisdakanysoa.eklablog.com\/novembre-2022-voyage-de-pascale-et-laurent-a-madagascar-a213704989\" target=\"_blank\">ici<\/a><\/mark>.<\/p>\n\n\n\n<p><\/p>\n","protected":false},"excerpt":{"rendered":"<p>Pascale et Laurent de l&rsquo;association Les Amis d&rsquo;Akany Soa ont rendu visite \u00e0 l&rsquo;ESC. Nous avons quitt\u00e9 Manakara pour nous rendre \u00e0 Fianarantsoa, o\u00f9 nous avons livr\u00e9 26 kilos de livres \u00e0 l&rsquo;\u00c9cole de la seconde chance, soutenue par l&rsquo;association cachanaise MADIA. (Et ils ont rapport\u00e9 aussi divers objets d\u2019artisanat, pr\u00e9cieux pour les ventes de [&hellip;]<\/p>\n","protected":false},"author":1,"featured_media":0,"parent":0,"menu_order":0,"comment_status":"closed","ping_status":"closed","template":"","meta":{"footnotes":""},"class_list":["post-1796","page","type-page","status-publish","hentry"],"_links":{"self":[{"href":"https:\/\/www.madia.fr\/index.php?rest_route=\/wp\/v2\/pages\/1796","targetHints":{"allow":["GET"]}}],"collection":[{"href":"https:\/\/www.madia.fr\/index.php?rest_route=\/wp\/v2\/pages"}],"about":[{"href":"https:\/\/www.madia.fr\/index.php?rest_route=\/wp\/v2\/types\/page"}],"author":[{"embeddable":true,"href":"https:\/\/www.madia.fr\/index.php?rest_route=\/wp\/v2\/users\/1"}],"replies":[{"embeddable":true,"href":"https:\/\/www.madia.fr\/index.php?rest_route=%2Fwp%2Fv2%2Fcomments&post=1796"}],"version-history":[{"count":7,"href":"https:\/\/www.madia.fr\/index.php?rest_route=\/wp\/v2\/pages\/1796\/revisions"}],"predecessor-version":[{"id":1813,"href":"https:\/\/www.madia.fr\/index.php?rest_route=\/wp\/v2\/pages\/1796\/revisions\/1813"}],"wp:attachment":[{"href":"https:\/\/www.madia.fr\/index.php?rest_route=%2Fwp%2Fv2%2Fmedia&parent=1796"}],"curies":[{"name":"wp","href":"https:\/\/api.w.org\/{rel}","templated":true}]}}