{"id":1815,"date":"2023-03-10T19:10:01","date_gmt":"2023-03-10T18:10:01","guid":{"rendered":"http:\/\/www.madia.fr\/?page_id=1815"},"modified":"2023-03-10T19:10:02","modified_gmt":"2023-03-10T18:10:02","slug":"le-8-mars-a-madagascar","status":"publish","type":"page","link":"https:\/\/www.madia.fr\/?page_id=1815","title":{"rendered":"Le 8 mars \u00e0 Madagascar"},"content":{"rendered":"\n<p>Comme chaque ann\u00e9e,un grand carnaval a \u00e9t\u00e9 organis\u00e9 par les autorit\u00e9s locales pour la c\u00e9l\u00e9bration de la <mark style=\"background-color:rgba(0, 0, 0, 0)\" class=\"has-inline-color has-luminous-vivid-orange-color\">Journ\u00e9e internationale des femmes<\/mark> <em>(appellation officielle de l&rsquo;ONU)<\/em><\/p>\n\n\n\n<p>Les dames de l&rsquo;AIC ont \u00e9t\u00e9 accompagn\u00e9es des jeunes et \u00e9ducateurs de l&rsquo;ESC et une dizaine de mamans de l&rsquo;AIC et de l&rsquo;ESC.<\/p>\n\n\n\n<p>Nous avons porter avec fiert\u00e9 la banderole disant notre mission : (traduction libre): on s&rsquo;occupe des jeunes et enfants d\u00e9favoris\u00e9es pour la r\u00e9insertion scolaire, l&rsquo;\u00e9ducation et la scolarisation et l&rsquo;orientation professionnelle.<\/p>\n\n\n\n<figure class=\"wp-block-gallery has-nested-images columns-default is-cropped wp-block-gallery-1 is-layout-flex wp-block-gallery-is-layout-flex\">\n<figure class=\"wp-block-image size-large\"><a href=\"http:\/\/www.madia.fr\/wp-content\/uploads\/2023\/03\/1678296073925.jpg\"><img loading=\"lazy\" decoding=\"async\" width=\"720\" height=\"477\" data-id=\"1818\" src=\"http:\/\/www.madia.fr\/wp-content\/uploads\/2023\/03\/1678296073925.jpg\" alt=\"\" class=\"wp-image-1818\" srcset=\"https:\/\/www.madia.fr\/wp-content\/uploads\/2023\/03\/1678296073925.jpg 720w, https:\/\/www.madia.fr\/wp-content\/uploads\/2023\/03\/1678296073925-300x199.jpg 300w\" sizes=\"auto, (max-width: 720px) 100vw, 720px\" \/><\/a><\/figure>\n\n\n\n<figure class=\"wp-block-image size-large\"><a href=\"http:\/\/www.madia.fr\/wp-content\/uploads\/2023\/03\/IMG_20230308_094350.jpg\"><img loading=\"lazy\" decoding=\"async\" width=\"886\" height=\"664\" data-id=\"1817\" src=\"http:\/\/www.madia.fr\/wp-content\/uploads\/2023\/03\/IMG_20230308_094350.jpg\" alt=\"\" class=\"wp-image-1817\" srcset=\"https:\/\/www.madia.fr\/wp-content\/uploads\/2023\/03\/IMG_20230308_094350.jpg 886w, https:\/\/www.madia.fr\/wp-content\/uploads\/2023\/03\/IMG_20230308_094350-300x225.jpg 300w, https:\/\/www.madia.fr\/wp-content\/uploads\/2023\/03\/IMG_20230308_094350-768x576.jpg 768w\" sizes=\"auto, (max-width: 886px) 100vw, 886px\" \/><\/a><\/figure>\n\n\n\n<figure class=\"wp-block-image size-large\"><a href=\"http:\/\/www.madia.fr\/wp-content\/uploads\/2023\/03\/IMG_20230308_082646.jpg\"><img loading=\"lazy\" decoding=\"async\" width=\"886\" height=\"664\" data-id=\"1816\" src=\"http:\/\/www.madia.fr\/wp-content\/uploads\/2023\/03\/IMG_20230308_082646.jpg\" alt=\"\" class=\"wp-image-1816\" srcset=\"https:\/\/www.madia.fr\/wp-content\/uploads\/2023\/03\/IMG_20230308_082646.jpg 886w, https:\/\/www.madia.fr\/wp-content\/uploads\/2023\/03\/IMG_20230308_082646-300x225.jpg 300w, https:\/\/www.madia.fr\/wp-content\/uploads\/2023\/03\/IMG_20230308_082646-768x576.jpg 768w\" sizes=\"auto, (max-width: 886px) 100vw, 886px\" \/><\/a><\/figure>\n<\/figure>\n","protected":false},"excerpt":{"rendered":"<p>Comme chaque ann\u00e9e,un grand carnaval a \u00e9t\u00e9 organis\u00e9 par les autorit\u00e9s locales pour la c\u00e9l\u00e9bration de la Journ\u00e9e internationale des femmes (appellation officielle de l&rsquo;ONU) Les dames de l&rsquo;AIC ont \u00e9t\u00e9 accompagn\u00e9es des jeunes et \u00e9ducateurs de l&rsquo;ESC et une dizaine de mamans de l&rsquo;AIC et de l&rsquo;ESC. Nous avons porter avec fiert\u00e9 la banderole [&hellip;]<\/p>\n","protected":false},"author":1,"featured_media":0,"parent":0,"menu_order":0,"comment_status":"closed","ping_status":"closed","template":"","meta":{"footnotes":""},"class_list":["post-1815","page","type-page","status-publish","hentry"],"_links":{"self":[{"href":"https:\/\/www.madia.fr\/index.php?rest_route=\/wp\/v2\/pages\/1815","targetHints":{"allow":["GET"]}}],"collection":[{"href":"https:\/\/www.madia.fr\/index.php?rest_route=\/wp\/v2\/pages"}],"about":[{"href":"https:\/\/www.madia.fr\/index.php?rest_route=\/wp\/v2\/types\/page"}],"author":[{"embeddable":true,"href":"https:\/\/www.madia.fr\/index.php?rest_route=\/wp\/v2\/users\/1"}],"replies":[{"embeddable":true,"href":"https:\/\/www.madia.fr\/index.php?rest_route=%2Fwp%2Fv2%2Fcomments&post=1815"}],"version-history":[{"count":2,"href":"https:\/\/www.madia.fr\/index.php?rest_route=\/wp\/v2\/pages\/1815\/revisions"}],"predecessor-version":[{"id":1820,"href":"https:\/\/www.madia.fr\/index.php?rest_route=\/wp\/v2\/pages\/1815\/revisions\/1820"}],"wp:attachment":[{"href":"https:\/\/www.madia.fr\/index.php?rest_route=%2Fwp%2Fv2%2Fmedia&parent=1815"}],"curies":[{"name":"wp","href":"https:\/\/api.w.org\/{rel}","templated":true}]}}

Le 8 mars à Madagascar

<p>Comme chaque année,un grand carnaval a été organisé par les autorités locales pour la célébration de la <mark style="background-color:rgba(0, 0, 0, 0)" class="has-inline-color has-luminous-vivid-orange-color">Journée internationale des femmes</mark> <em>(appellation officielle de l&rsquo;ONU)</em></p>



<p>Les dames de l&rsquo;AIC ont été accompagnées des jeunes et éducateurs de l&rsquo;ESC et une dizaine de mamans de l&rsquo;AIC et de l&rsquo;ESC.</p>



<p>Nous avons porter avec fierté la banderole disant notre mission : (traduction libre): on s&rsquo;occupe des jeunes et enfants défavorisées pour la réinsertion scolaire, l&rsquo;éducation et la scolarisation et l&rsquo;orientation professionnelle.</p>



<figure class="wp-block-gallery has-nested-images columns-default is-cropped wp-block-gallery-1 is-layout-flex wp-block-gallery-is-layout-flex">
<figure class="wp-block-image size-large"><a href="http://www.madia.fr/wp-content/uploads/2023/03/1678296073925.jpg"><img loading="lazy" decoding="async" width="720" height="477" data-id="1818" src="http://www.madia.fr/wp-content/uploads/2023/03/1678296073925.jpg" alt="" class="wp-image-1818" srcset="https://www.madia.fr/wp-content/uploads/2023/03/1678296073925.jpg 720w, https://www.madia.fr/wp-content/uploads/2023/03/1678296073925-300x199.jpg 300w" sizes="auto, (max-width: 720px) 100vw, 720px" /></a></figure>



<figure class="wp-block-image size-large"><a href="http://www.madia.fr/wp-content/uploads/2023/03/IMG_20230308_094350.jpg"><img loading="lazy" decoding="async" width="886" height="664" data-id="1817" src="http://www.madia.fr/wp-content/uploads/2023/03/IMG_20230308_094350.jpg" alt="" class="wp-image-1817" srcset="https://www.madia.fr/wp-content/uploads/2023/03/IMG_20230308_094350.jpg 886w, https://www.madia.fr/wp-content/uploads/2023/03/IMG_20230308_094350-300x225.jpg 300w, https://www.madia.fr/wp-content/uploads/2023/03/IMG_20230308_094350-768x576.jpg 768w" sizes="auto, (max-width: 886px) 100vw, 886px" /></a></figure>



<figure class="wp-block-image size-large"><a href="http://www.madia.fr/wp-content/uploads/2023/03/IMG_20230308_082646.jpg"><img loading="lazy" decoding="async" width="886" height="664" data-id="1816" src="http://www.madia.fr/wp-content/uploads/2023/03/IMG_20230308_082646.jpg" alt="" class="wp-image-1816" srcset="https://www.madia.fr/wp-content/uploads/2023/03/IMG_20230308_082646.jpg 886w, https://www.madia.fr/wp-content/uploads/2023/03/IMG_20230308_082646-300x225.jpg 300w, https://www.madia.fr/wp-content/uploads/2023/03/IMG_20230308_082646-768x576.jpg 768w" sizes="auto, (max-width: 886px) 100vw, 886px" /></a></figure>
</figure>

<p>Comme chaque année,un grand carnaval a été organisé par les autorités locales pour la célébration de la Journée internationale des femmes (appellation officielle de l&rsquo;ONU) Les dames de l&rsquo;AIC ont été accompagnées des jeunes et éducateurs de l&rsquo;ESC et une dizaine de mamans de l&rsquo;AIC et de l&rsquo;ESC. Nous avons porter avec fierté la banderole [&hellip;]</p>
