{"id":2034,"date":"2026-01-27T23:28:00","date_gmt":"2026-01-27T22:28:00","guid":{"rendered":"https:\/\/www.madia.fr\/?page_id=2034"},"modified":"2026-01-27T23:34:22","modified_gmt":"2026-01-27T22:34:22","slug":"accueil-concert-keystones","status":"publish","type":"page","link":"https:\/\/www.madia.fr\/","title":{"rendered":"Accueil concert KEYSTONES"},"content":{"rendered":"\n<h2 class=\"wp-block-heading\"><span style=\"color: #ff6600;\"><em>Notre \u00e9v\u00e9nement culturel 2026<\/em><\/span><\/h2>\n\n\n\n<p class=\"has-medium-font-size\">Vous \u00eates invit\u00e9s \u00e0 notre concert annuel pour le soutien de nos actions \u00e0 Madagascar avec les <strong>KEYSTONES<\/strong> .<\/p>\n\n\n\n<div class=\"wp-block-group is-layout-grid wp-container-core-group-is-layout-8bef542a wp-block-group-is-layout-grid\">\n<figure class=\"wp-block-image size-medium is-resized wp-container-content-484c9de3\" id=\"block-3f929a24-f85c-4c0a-a253-1710a72e6f44\"><a href=\"http:\/\/www.madia.fr\/wp-content\/uploads\/2026\/01\/banniere.png\"><img loading=\"lazy\" decoding=\"async\" width=\"300\" height=\"169\" src=\"https:\/\/www.madia.fr\/wp-content\/uploads\/2026\/01\/banniere-300x169.png\" alt=\"\" class=\"wp-image-2080\" style=\"object-fit:cover;width:485px;height:auto\" srcset=\"https:\/\/www.madia.fr\/wp-content\/uploads\/2026\/01\/banniere-300x169.png 300w, https:\/\/www.madia.fr\/wp-content\/uploads\/2026\/01\/banniere-1024x576.png 1024w, https:\/\/www.madia.fr\/wp-content\/uploads\/2026\/01\/banniere-768x432.png 768w, https:\/\/www.madia.fr\/wp-content\/uploads\/2026\/01\/banniere.png 1280w\" sizes=\"auto, (max-width: 300px) 100vw, 300px\" \/><\/a><\/figure>\n\n\n\n<p><\/p>\n\n\n\n<figure class=\"wp-block-image size-full is-resized wp-container-content-6c5fe405\" id=\"block-5b54deb0-8451-4c4e-9128-80eceea63713\"><img loading=\"lazy\" decoding=\"async\" width=\"600\" height=\"600\" src=\"http:\/\/www.madia.fr\/wp-content\/uploads\/2026\/01\/qr-helloasso-2026.png\" alt=\"\" class=\"wp-image-2078\" style=\"width:164px;height:auto\" srcset=\"https:\/\/www.madia.fr\/wp-content\/uploads\/2026\/01\/qr-helloasso-2026.png 600w, https:\/\/www.madia.fr\/wp-content\/uploads\/2026\/01\/qr-helloasso-2026-300x300.png 300w, https:\/\/www.madia.fr\/wp-content\/uploads\/2026\/01\/qr-helloasso-2026-150x150.png 150w\" sizes=\"auto, (max-width: 600px) 100vw, 600px\" \/><\/figure>\n\n\n\n<p class=\"has-text-align-center wp-container-content-4204cc68\"><iframe id=\"haWidget\" style=\"width: 100%; height: 70px; border: none;\" src=\"https:\/\/www.helloasso.com\/associations\/madia\/evenements\/concert-madia-2-1\/widget-bouton\"><\/iframe><\/p>\n<\/div>\n\n\n\n<p><a href=\"https:\/\/www.madia.fr\/?page_id=2060\"><strong>En savoir plus<\/strong><\/a><\/p>\n","protected":false},"excerpt":{"rendered":"<p>Notre \u00e9v\u00e9nement culturel 2026 Vous \u00eates invit\u00e9s \u00e0 notre concert annuel pour le soutien de nos actions \u00e0 Madagascar avec les KEYSTONES . En savoir plus<\/p>\n","protected":false},"author":1,"featured_media":0,"parent":0,"menu_order":0,"comment_status":"closed","ping_status":"closed","template":"home.php","meta":{"footnotes":""},"class_list":["post-2034","page","type-page","status-publish","hentry"],"_links":{"self":[{"href":"https:\/\/www.madia.fr\/index.php?rest_route=\/wp\/v2\/pages\/2034","targetHints":{"allow":["GET"]}}],"collection":[{"href":"https:\/\/www.madia.fr\/index.php?rest_route=\/wp\/v2\/pages"}],"about":[{"href":"https:\/\/www.madia.fr\/index.php?rest_route=\/wp\/v2\/types\/page"}],"author":[{"embeddable":true,"href":"https:\/\/www.madia.fr\/index.php?rest_route=\/wp\/v2\/users\/1"}],"replies":[{"embeddable":true,"href":"https:\/\/www.madia.fr\/index.php?rest_route=%2Fwp%2Fv2%2Fcomments&post=2034"}],"version-history":[{"count":18,"href":"https:\/\/www.madia.fr\/index.php?rest_route=\/wp\/v2\/pages\/2034\/revisions"}],"predecessor-version":[{"id":2169,"href":"https:\/\/www.madia.fr\/index.php?rest_route=\/wp\/v2\/pages\/2034\/revisions\/2169"}],"wp:attachment":[{"href":"https:\/\/www.madia.fr\/index.php?rest_route=%2Fwp%2Fv2%2Fmedia&parent=2034"}],"curies":[{"name":"wp","href":"https:\/\/api.w.org\/{rel}","templated":true}]}}