{"id":2060,"date":"2026-01-27T23:30:30","date_gmt":"2026-01-27T22:30:30","guid":{"rendered":"https:\/\/www.madia.fr\/?page_id=2060"},"modified":"2026-01-27T23:40:47","modified_gmt":"2026-01-27T22:40:47","slug":"concert-de-soutien-28-mars-2026","status":"publish","type":"page","link":"https:\/\/www.madia.fr\/?page_id=2060","title":{"rendered":"Concert de soutien 28 mars 2026"},"content":{"rendered":"\n<h2 class=\"wp-block-heading\"><span style=\"color: #ff6600;\"><em>Notre \u00e9v\u00e9nement culturel 2026<\/em><\/span><\/h2>\n\n\n\n<p>Vous \u00eates invit\u00e9s \u00e0 notre concert annuel pour le soutien de nos actions \u00e0 Madagascar avec les <strong>KEYSTONES<\/strong> .<\/p>\n\n\n\n<p>il aura lieu \u00e0 la salle Genevi\u00e8ve Cl\u00e9ment (anciennement Salle Le March\u00e9)<br>4 rue des Saussaies &#8211; 94230 Cachan<\/p>\n\n\n\n<p>Les <strong><span style=\"color: #ff6600;\">KEYSTONES : un sympathique <\/span><\/strong>groupe pop-rock de musiciens de Cachan !<\/p>\n\n\n\n<div class=\"wp-block-group is-layout-grid wp-container-core-group-is-layout-e8c6ba02 wp-block-group-is-layout-grid\">\n<figure class=\"wp-block-image size-full is-resized wp-container-content-da07c9f7\"><a href=\"http:\/\/www.madia.fr\/wp-content\/uploads\/2026\/01\/banniere.png\"><img loading=\"lazy\" decoding=\"async\" width=\"1280\" height=\"720\" src=\"https:\/\/www.madia.fr\/wp-content\/uploads\/2026\/01\/banniere.png\" alt=\"Image groupe Keystones\" class=\"wp-image-2080\" style=\"object-fit:cover;width:466px;height:auto\" srcset=\"https:\/\/www.madia.fr\/wp-content\/uploads\/2026\/01\/banniere.png 1280w, https:\/\/www.madia.fr\/wp-content\/uploads\/2026\/01\/banniere-300x169.png 300w, https:\/\/www.madia.fr\/wp-content\/uploads\/2026\/01\/banniere-1024x576.png 1024w, https:\/\/www.madia.fr\/wp-content\/uploads\/2026\/01\/banniere-768x432.png 768w\" sizes=\"auto, (max-width: 1280px) 100vw, 1280px\" \/><\/a><\/figure>\n\n\n\n<p class=\"has-text-align-center wp-container-content-a45b94b7\"> Retrouvez les sur Instagram<\/p>\n\n\n\n<p><\/p>\n\n\n\n<figure class=\"wp-block-image size-thumbnail wp-container-content-2c2f8874\"><a href=\"https:\/\/www.instagram.com\/keystonesrockband\/\" target=\"_blank\" rel=\" noreferrer noopener\"><img loading=\"lazy\" decoding=\"async\" width=\"150\" height=\"150\" src=\"https:\/\/www.madia.fr\/wp-content\/uploads\/2026\/01\/QR-insta2-150x150.png\" alt=\"QRcode Keystones Instagram\" class=\"wp-image-2082\" style=\"object-fit:cover\"\/><\/a><\/figure>\n<\/div>\n\n\n\n<p><\/p>\n\n\n<p>Nous avons besoin de vous.<\/p>\n<p>Tous les profits seront int\u00e9gralement revers\u00e9s pour les familles que nous suivons.<\/p>\n<p>R\u00e9servations : mail : contact@madia.fr &#8211; t\u00e9l\u00e9phone 06 52 78 40 32\u00a0<mark class=\"has-inline-color has-luminous-vivid-orange-color\"><\/mark><\/p>\n\n\n<div class=\"wp-block-columns is-layout-flex wp-container-core-columns-is-layout-9d6595d7 wp-block-columns-is-layout-flex\">\n<div class=\"wp-block-column is-vertically-aligned-center is-layout-flow wp-block-column-is-layout-flow\">\n<p class=\"has-text-align-center\">ou sur <a href=\"https:\/\/www.helloasso.com\/associations\/madia\/evenements\/concert-madia-2-1\" target=\"_blank\" rel=\"noreferrer noopener\">HelloAsso<\/a><\/p>\n<\/div>\n\n\n\n<div class=\"wp-block-column is-vertically-aligned-center is-layout-flow wp-block-column-is-layout-flow\">\n<p><iframe id=\"haWidget\" style=\"width: 100%; height: 70px; border: none;\" src=\"https:\/\/www.helloasso.com\/associations\/madia\/evenements\/concert-madia-2-1\/widget-bouton\"><\/iframe><\/p>\n<\/div>\n\n\n\n<div class=\"wp-block-column is-vertically-aligned-center is-layout-flow wp-block-column-is-layout-flow\"><div class=\"wp-block-image\">\n<figure class=\"aligncenter size-medium is-resized\"><a href=\"https:\/\/www.helloasso.com\/associations\/madia\/evenements\/concert-madia-2-1\" target=\"_blank\" rel=\" noreferrer noopener\"><img loading=\"lazy\" decoding=\"async\" width=\"300\" height=\"300\" src=\"https:\/\/www.madia.fr\/wp-content\/uploads\/2026\/01\/qr-helloasso-2026-300x300.png\" alt=\"\" class=\"wp-image-2078\" style=\"width:156px;height:auto\" srcset=\"https:\/\/www.madia.fr\/wp-content\/uploads\/2026\/01\/qr-helloasso-2026-300x300.png 300w, https:\/\/www.madia.fr\/wp-content\/uploads\/2026\/01\/qr-helloasso-2026-150x150.png 150w, https:\/\/www.madia.fr\/wp-content\/uploads\/2026\/01\/qr-helloasso-2026.png 600w\" sizes=\"auto, (max-width: 300px) 100vw, 300px\" \/><\/a><\/figure><\/div><\/div>\n<\/div>\n\n\n<p>Dans tous les cas, n\u2019h\u00e9sitez pas \u00e0 diffuser cette invitation.<\/p>\n<p>T\u00e9l\u00e9charger l&rsquo;affiche du concert :\u00a0\u00a0<a href=\"http:\/\/www.madia.fr\/wp-content\/uploads\/2026\/01\/A5.pdf\" target=\"_blank\" rel=\"noopener\">Concert Keystones <\/a><\/p>\n<hr \/>","protected":false},"excerpt":{"rendered":"<p>Notre \u00e9v\u00e9nement culturel 2026 Vous \u00eates invit\u00e9s \u00e0 notre concert annuel pour le soutien de nos actions \u00e0 Madagascar avec les KEYSTONES . il aura lieu \u00e0 la salle Genevi\u00e8ve Cl\u00e9ment (anciennement Salle Le March\u00e9)4 rue des Saussaies &#8211; 94230 Cachan Les KEYSTONES : un sympathique groupe pop-rock de musiciens de Cachan ! Retrouvez les [&hellip;]<\/p>\n","protected":false},"author":1,"featured_media":0,"parent":0,"menu_order":0,"comment_status":"closed","ping_status":"closed","template":"","meta":{"footnotes":""},"class_list":["post-2060","page","type-page","status-publish","hentry"],"_links":{"self":[{"href":"https:\/\/www.madia.fr\/index.php?rest_route=\/wp\/v2\/pages\/2060","targetHints":{"allow":["GET"]}}],"collection":[{"href":"https:\/\/www.madia.fr\/index.php?rest_route=\/wp\/v2\/pages"}],"about":[{"href":"https:\/\/www.madia.fr\/index.php?rest_route=\/wp\/v2\/types\/page"}],"author":[{"embeddable":true,"href":"https:\/\/www.madia.fr\/index.php?rest_route=\/wp\/v2\/users\/1"}],"replies":[{"embeddable":true,"href":"https:\/\/www.madia.fr\/index.php?rest_route=%2Fwp%2Fv2%2Fcomments&post=2060"}],"version-history":[{"count":41,"href":"https:\/\/www.madia.fr\/index.php?rest_route=\/wp\/v2\/pages\/2060\/revisions"}],"predecessor-version":[{"id":2174,"href":"https:\/\/www.madia.fr\/index.php?rest_route=\/wp\/v2\/pages\/2060\/revisions\/2174"}],"wp:attachment":[{"href":"https:\/\/www.madia.fr\/index.php?rest_route=%2Fwp%2Fv2%2Fmedia&parent=2060"}],"curies":[{"name":"wp","href":"https:\/\/api.w.org\/{rel}","templated":true}]}}

<h2 class="wp-block-heading"><span style="color: #ff6600;"><em>Notre événement culturel 2026</em></span></h2>



<p>Vous êtes invités à notre concert annuel pour le soutien de nos actions à Madagascar avec les <strong>KEYSTONES</strong> .</p>



<p>il aura lieu à la salle Geneviève Clément (anciennement Salle Le Marché)<br>4 rue des Saussaies &#8211; 94230 Cachan</p>



<p>Les <strong><span style="color: #ff6600;">KEYSTONES : un sympathique </span></strong>groupe pop-rock de musiciens de Cachan !</p>



<div class="wp-block-group is-layout-grid wp-container-core-group-is-layout-e8c6ba02 wp-block-group-is-layout-grid">
<figure class="wp-block-image size-full is-resized wp-container-content-da07c9f7"><a href="http://www.madia.fr/wp-content/uploads/2026/01/banniere.png"><img loading="lazy" decoding="async" width="1280" height="720" src="https://www.madia.fr/wp-content/uploads/2026/01/banniere.png" alt="Image groupe Keystones" class="wp-image-2080" style="object-fit:cover;width:466px;height:auto" srcset="https://www.madia.fr/wp-content/uploads/2026/01/banniere.png 1280w, https://www.madia.fr/wp-content/uploads/2026/01/banniere-300x169.png 300w, https://www.madia.fr/wp-content/uploads/2026/01/banniere-1024x576.png 1024w, https://www.madia.fr/wp-content/uploads/2026/01/banniere-768x432.png 768w" sizes="auto, (max-width: 1280px) 100vw, 1280px" /></a></figure>



<p class="has-text-align-center wp-container-content-a45b94b7"> Retrouvez les sur Instagram</p>



<p></p>



<figure class="wp-block-image size-thumbnail wp-container-content-2c2f8874"><a href="https://www.instagram.com/keystonesrockband/" target="_blank" rel=" noreferrer noopener"><img loading="lazy" decoding="async" width="150" height="150" src="https://www.madia.fr/wp-content/uploads/2026/01/QR-insta2-150x150.png" alt="QRcode Keystones Instagram" class="wp-image-2082" style="object-fit:cover"/></a></figure>
</div>



<p></p>


<p>Nous avons besoin de vous.</p>
<p>Tous les profits seront intégralement reversés pour les familles que nous suivons.</p>
<p>Réservations : mail : contact@madia.fr &#8211; téléphone 06 52 78 40 32 <mark class="has-inline-color has-luminous-vivid-orange-color"></mark></p>


<div class="wp-block-columns is-layout-flex wp-container-core-columns-is-layout-9d6595d7 wp-block-columns-is-layout-flex">
<div class="wp-block-column is-vertically-aligned-center is-layout-flow wp-block-column-is-layout-flow">
<p class="has-text-align-center">ou sur <a href="https://www.helloasso.com/associations/madia/evenements/concert-madia-2-1" target="_blank" rel="noreferrer noopener">HelloAsso</a></p>
</div>



<div class="wp-block-column is-vertically-aligned-center is-layout-flow wp-block-column-is-layout-flow">
<p><iframe id="haWidget" style="width: 100%; height: 70px; border: none;" src="https://www.helloasso.com/associations/madia/evenements/concert-madia-2-1/widget-bouton"></iframe></p>
</div>



<div class="wp-block-column is-vertically-aligned-center is-layout-flow wp-block-column-is-layout-flow"><div class="wp-block-image">
<figure class="aligncenter size-medium is-resized"><a href="https://www.helloasso.com/associations/madia/evenements/concert-madia-2-1" target="_blank" rel=" noreferrer noopener"><img loading="lazy" decoding="async" width="300" height="300" src="https://www.madia.fr/wp-content/uploads/2026/01/qr-helloasso-2026-300x300.png" alt="" class="wp-image-2078" style="width:156px;height:auto" srcset="https://www.madia.fr/wp-content/uploads/2026/01/qr-helloasso-2026-300x300.png 300w, https://www.madia.fr/wp-content/uploads/2026/01/qr-helloasso-2026-150x150.png 150w, https://www.madia.fr/wp-content/uploads/2026/01/qr-helloasso-2026.png 600w" sizes="auto, (max-width: 300px) 100vw, 300px" /></a></figure></div></div>
</div>


<p>Dans tous les cas, n’hésitez pas à diffuser cette invitation.</p>
<p>Télécharger l&rsquo;affiche du concert :  <a href="http://www.madia.fr/wp-content/uploads/2026/01/A5.pdf" target="_blank" rel="noopener">Concert Keystones </a></p>
<hr />

<p>Notre événement culturel 2026 Vous êtes invités à notre concert annuel pour le soutien de nos actions à Madagascar avec les KEYSTONES . il aura lieu à la salle Geneviève Clément (anciennement Salle Le Marché)4 rue des Saussaies &#8211; 94230 Cachan Les KEYSTONES : un sympathique groupe pop-rock de musiciens de Cachan ! Retrouvez les [&hellip;]</p>
