{"id":407,"date":"2017-01-25T20:54:04","date_gmt":"2017-01-25T19:54:04","guid":{"rendered":"http:\/\/www.madia.fr\/?page_id=407"},"modified":"2017-11-24T06:29:56","modified_gmt":"2017-11-24T05:29:56","slug":"etape-1","status":"publish","type":"page","link":"https:\/\/www.madia.fr\/?page_id=407","title":{"rendered":"Etape 1"},"content":{"rendered":"<p>Nous sommes le 8 octobre 2016, le foyer sort de terre.<\/p>\n<p><img loading=\"lazy\" decoding=\"async\" class=\"aligncenter wp-image-408 size-large\" src=\"http:\/\/www.madia.fr\/wp-content\/uploads\/2017\/01\/20161008_093443-1024x576.jpg\" width=\"570\" height=\"321\" srcset=\"https:\/\/www.madia.fr\/wp-content\/uploads\/2017\/01\/20161008_093443-1024x576.jpg 1024w, https:\/\/www.madia.fr\/wp-content\/uploads\/2017\/01\/20161008_093443-300x169.jpg 300w, https:\/\/www.madia.fr\/wp-content\/uploads\/2017\/01\/20161008_093443-768x432.jpg 768w\" sizes=\"auto, (max-width: 570px) 100vw, 570px\" \/><\/p>\n<p>Les hommes sont \u00e0 pied d\u2019\u0153uvre. De gauche \u00e0 droite nous avons :<\/p>\n<ul>\n<li>Niaina le chef de chef de chantier, \u00e0 la v\u00e9rification de la hauteur des fondations,<\/li>\n<li>Patrick \u00ab\u00a0Rapa\u00a0\u00bb et Todjo, au d\u00e9capage,<\/li>\n<li>Dago et Santaja, au r\u00e9glage.<\/li>\n<\/ul>\n<p>Derri\u00e8re l&rsquo;appareil, je contr\u00f4le la qualit\u00e9 de la construction en guidant les op\u00e9rations lorsque n\u00e9cessaire. Sur cette image pourtant, le v\u00e9ritable sujet d&rsquo;\u00e9tude est la fibre humaine qui unit cette famille ouvri\u00e8re dans son acte, que le sourire de Todjo n&rsquo;esquisse qu&rsquo;\u00e0 peine.<\/p>\n<p>Ce foyer offrira \u00e0 de nombreux jeunes sortis des circuits d&rsquo;enseignement <strong>des comp\u00e9tences pour une insertion professionnelle r\u00e9ussie<\/strong>.<\/p>\n<p>&nbsp;<\/p>\n<p style=\"text-align: right;\">Xavier MAURICE,<br \/>\nIng\u00e9nieur ESTP repr\u00e9sentant MADIA sur ce chantier.<\/p>\n","protected":false},"excerpt":{"rendered":"<p>Nous sommes le 8 octobre 2016, le foyer sort de terre. Les hommes sont \u00e0 pied d\u2019\u0153uvre. De gauche \u00e0 droite nous avons : Niaina le chef de chef de chantier, \u00e0 la v\u00e9rification de la hauteur des fondations, Patrick \u00ab\u00a0Rapa\u00a0\u00bb et Todjo, au d\u00e9capage, Dago et Santaja, au r\u00e9glage. Derri\u00e8re l&rsquo;appareil, je contr\u00f4le la [&hellip;]<\/p>\n","protected":false},"author":4,"featured_media":0,"parent":0,"menu_order":0,"comment_status":"closed","ping_status":"closed","template":"","meta":{"footnotes":""},"class_list":["post-407","page","type-page","status-publish","hentry"],"_links":{"self":[{"href":"https:\/\/www.madia.fr\/index.php?rest_route=\/wp\/v2\/pages\/407","targetHints":{"allow":["GET"]}}],"collection":[{"href":"https:\/\/www.madia.fr\/index.php?rest_route=\/wp\/v2\/pages"}],"about":[{"href":"https:\/\/www.madia.fr\/index.php?rest_route=\/wp\/v2\/types\/page"}],"author":[{"embeddable":true,"href":"https:\/\/www.madia.fr\/index.php?rest_route=\/wp\/v2\/users\/4"}],"replies":[{"embeddable":true,"href":"https:\/\/www.madia.fr\/index.php?rest_route=%2Fwp%2Fv2%2Fcomments&post=407"}],"version-history":[{"count":9,"href":"https:\/\/www.madia.fr\/index.php?rest_route=\/wp\/v2\/pages\/407\/revisions"}],"predecessor-version":[{"id":586,"href":"https:\/\/www.madia.fr\/index.php?rest_route=\/wp\/v2\/pages\/407\/revisions\/586"}],"wp:attachment":[{"href":"https:\/\/www.madia.fr\/index.php?rest_route=%2Fwp%2Fv2%2Fmedia&parent=407"}],"curies":[{"name":"wp","href":"https:\/\/api.w.org\/{rel}","templated":true}]}}

<p>Nous sommes le 8 octobre 2016, le foyer sort de terre.</p>
<p><img loading="lazy" decoding="async" class="aligncenter wp-image-408 size-large" src="http://www.madia.fr/wp-content/uploads/2017/01/20161008_093443-1024x576.jpg" width="570" height="321" srcset="https://www.madia.fr/wp-content/uploads/2017/01/20161008_093443-1024x576.jpg 1024w, https://www.madia.fr/wp-content/uploads/2017/01/20161008_093443-300x169.jpg 300w, https://www.madia.fr/wp-content/uploads/2017/01/20161008_093443-768x432.jpg 768w" sizes="auto, (max-width: 570px) 100vw, 570px" /></p>
<p>Les hommes sont à pied d’œuvre. De gauche à droite nous avons :</p>
<ul>
<li>Niaina le chef de chef de chantier, à la vérification de la hauteur des fondations,</li>
<li>Patrick « Rapa » et Todjo, au décapage,</li>
<li>Dago et Santaja, au réglage.</li>
</ul>
<p>Derrière l&rsquo;appareil, je contrôle la qualité de la construction en guidant les opérations lorsque nécessaire. Sur cette image pourtant, le véritable sujet d&rsquo;étude est la fibre humaine qui unit cette famille ouvrière dans son acte, que le sourire de Todjo n&rsquo;esquisse qu&rsquo;à peine.</p>
<p>Ce foyer offrira à de nombreux jeunes sortis des circuits d&rsquo;enseignement <strong>des compétences pour une insertion professionnelle réussie</strong>.</p>
<p>&nbsp;</p>
<p style="text-align: right;">Xavier MAURICE,<br />
Ingénieur ESTP représentant MADIA sur ce chantier.</p>

<p>Nous sommes le 8 octobre 2016, le foyer sort de terre. Les hommes sont à pied d’œuvre. De gauche à droite nous avons : Niaina le chef de chef de chantier, à la vérification de la hauteur des fondations, Patrick « Rapa » et Todjo, au décapage, Dago et Santaja, au réglage. Derrière l&rsquo;appareil, je contrôle la [&hellip;]</p>
