{"id":47,"date":"2015-04-14T18:13:31","date_gmt":"2015-04-14T17:13:31","guid":{"rendered":"http:\/\/www.madia.fr\/?page_id=47"},"modified":"2023-02-20T16:44:11","modified_gmt":"2023-02-20T15:44:11","slug":"assemblee-constitutive","status":"publish","type":"page","link":"https:\/\/www.madia.fr\/?page_id=47","title":{"rendered":"Assembl\u00e9e constitutive"},"content":{"rendered":"<div class=\"entry-content\">\n<p>L\u2019assembl\u00e9e constitutive a eu lieu \u00e0 Cachan le 1er mars 2015.<\/p>\n<p>Elle a rassembl\u00e9 34 membres actifs<\/p>\n<\/div>\n","protected":false},"excerpt":{"rendered":"<p>L\u2019assembl\u00e9e constitutive a eu lieu \u00e0 Cachan le 1er mars 2015. Elle a rassembl\u00e9 34 membres actifs<\/p>\n","protected":false},"author":1,"featured_media":0,"parent":36,"menu_order":0,"comment_status":"closed","ping_status":"open","template":"page_madia.php","meta":{"footnotes":""},"class_list":["post-47","page","type-page","status-publish","hentry"],"_links":{"self":[{"href":"https:\/\/www.madia.fr\/index.php?rest_route=\/wp\/v2\/pages\/47","targetHints":{"allow":["GET"]}}],"collection":[{"href":"https:\/\/www.madia.fr\/index.php?rest_route=\/wp\/v2\/pages"}],"about":[{"href":"https:\/\/www.madia.fr\/index.php?rest_route=\/wp\/v2\/types\/page"}],"author":[{"embeddable":true,"href":"https:\/\/www.madia.fr\/index.php?rest_route=\/wp\/v2\/users\/1"}],"replies":[{"embeddable":true,"href":"https:\/\/www.madia.fr\/index.php?rest_route=%2Fwp%2Fv2%2Fcomments&post=47"}],"version-history":[{"count":2,"href":"https:\/\/www.madia.fr\/index.php?rest_route=\/wp\/v2\/pages\/47\/revisions"}],"predecessor-version":[{"id":1725,"href":"https:\/\/www.madia.fr\/index.php?rest_route=\/wp\/v2\/pages\/47\/revisions\/1725"}],"up":[{"embeddable":true,"href":"https:\/\/www.madia.fr\/index.php?rest_route=\/wp\/v2\/pages\/36"}],"wp:attachment":[{"href":"https:\/\/www.madia.fr\/index.php?rest_route=%2Fwp%2Fv2%2Fmedia&parent=47"}],"curies":[{"name":"wp","href":"https:\/\/api.w.org\/{rel}","templated":true}]}}